osite number?
False
Is 46213 prime?
False
Is 40693 a composite number?
False
Is 436907 composite?
True
Is 576787 a composite number?
False
Is 18947 a composite number?
False
Is 28961 a composite number?
False
Is 105457 composite?
True
Is 77137 prime?
True
Is 132491 a composite number?
False
Is 80126 a composite number?
True
Is 875335 a prime number?
False
Is 32209 composite?
True
Is 104207 a composite number?
False
Is 637997 a composite number?
True
Is 9413 a composite number?
False
Is 1465 a prime number?
False
Is 700303 composite?
False
Is 1014983 a composite number?
True
Is 306329 a composite number?
False
Is 94513 a composite number?
False
Is 97981 prime?
False
Is 348827 prime?
True
Is 151717 a composite number?
False
Is 273133 a composite number?
True
Is 27399 prime?
False
Is 3163 a composite number?
False
Is 3251 a prime number?
True
Is 148663 prime?
True
Is 10391 composite?
False
Is 1092419 a composite number?
False
Is 376127 a composite number?
False
Is 16217 a composite number?
False
Is 97961 prime?
True
Is 23221 prime?
False
Is 18707 a prime number?
False
Is 35674 a prime number?
False
Is 620099 a prime number?
True
Is 5541 composite?
True
Is 232043 a prime number?
False
Is 434809 prime?
False
Is 195523 composite?
True
Is 1041 composite?
True
Is 26479 composite?
False
Is 42857 composite?
True
Is 5737 prime?
True
Is 80671 composite?
False
Is 10111 prime?
True
Is 159389 a prime number?
True
Is 1361 composite?
False
Is 130379 a composite number?
False
Is 57227 a prime number?
False
Is 19101 prime?
False
Is 7121 prime?
True
Is 21847 prime?
False
Is 100001 a composite number?
True
Is 828167 a composite number?
True
Is 46711 prime?
False
Is 17461 composite?
True
Is 16271 a prime number?
False
Is 17707 a prime number?
True
Is 16877 a prime number?
False
Is 93847 prime?
False
Is 6689 prime?
True
Is 4809631 prime?
False
Is 188077 composite?
True
Is 26797 prime?
False
Is 911 a prime number?
True
Is 369385 prime?
False
Is 107137 prime?
True
Is 533 composite?
True
Is 8633 prime?
False
Is 2203 a composite number?
False
Is 17531 a composite number?
True
Is 68071 prime?
True
Is 22613 composite?
False
Is 5939 prime?
True
Is 77581 a composite number?
True
Is 136841 composite?
False
Is 37273 a prime number?
True
Is 549205 a prime number?
False
Is 3163 composite?
False
Is 246839 composite?
False
Is 6797 prime?
False
Is 22007 a prime number?
False
Is 129939 prime?
False
Is 12674 composite?
True
Is 229373 a composite number?
False
Is 1229 a composite number?
False
Is 2741 a composite number?
False
Is 133143 composite?
True
Is 516293 prime?
True
Is 147847 a prime number?
False
Is 1139 composite?
True
Is 2423 a prime number?
True
Is 440023 a prime number?
True
Is 114347 composite?
True
Is 126937 a prime number?
False
Is 6 a composite number?
True
Is 1124258 a composite number?
True
Is 450529 a prime number?
True
Is 21031 composite?
False
Is 410279 composite?
False
Is 244547 composite?
False
Is 15971 a composite number?
False
Is 28439 a prime number?
True
Is 8501 composite?
False
Is 85793 composite?
False
Is 81281 composite?
False
Is 6787 prime?
False
Is 9274 prime?
False
Is 148573 a prime number?
True
Is 135893 prime?
True
Is 18299 composite?
True
Is 13595 a prime number?
False
Is 800391 a composite number?
True
Is 53657 a prime number?
True
Is 55871 composite?
False
Is 1685 composite?
True
Is 436927 a composite number?
True
Is 15161 a composite number?
False
Is 40601 composite?
True
Is 584809 a prime number?
True
Is 403459 a composite number?
True
Is 45233 composite?
False
Is 6049 composite?
True
Is 5017 a prime number?
False
Is 21719 a composite number?
True
Is 110221 a composite number?
False
Is 845387 a composite number?
False
Is 343151 a prime number?
False
Is 87757 a composite number?
True
Is 143873 a composite number?
False
Is 34439 a prime number?
True
Is 378659 a prime number?
False
Is 246271 a composite number?
False
Is 21911 a prime number?
True
Is 35191 a prime number?
False
Is 2811 a prime number?
False
Is 123757 a prime number?
True
Is 115 prime?
False
Is 1681634 a composite number?
True
Is 1828069 prime?
True
Is 18659 a prime number?
False
Is 88069 prime?
True
Is 203879 composite?
True
Is 14597 a composite number?
True
Is 101267 a composite number?
False
Is 2463785 composite?
True
Is 50171 composite?
True
Is 284251 a prime number?
False
Is 631929 a composite number?
True
Is 4330279 a prime number?
False
Is 34823 a composite number?
True
Is 147377 prime?
True
Is 3247 a composite number?
True
Is 3785 composite?
True
Is 956537 prime?
False
Is 1229689 prime?
True
Is 1207511 a prime number?
True
Is 2237 composite?
False
Is 409611 prime?
False
Is 8609 composite?
False
Is 31877 a prime number?
False
Is 139589 prime?
True
Is 662201 a composite number?
True
Is 14669 composite?
False
Is 7493 a prime number?
False
Is 79319 a prime number?
True
Is 504703 a prime number?
False
Is 35151 a prime number?
False
Is 971 prime?
True
Is 309877 a prime number?
True
Is 11597 prime?
True
Is 6613 composite?
True
Is 725561 prime?
False
Is 3691 a composite number?
False
Is 7499 a prime number?
True
Is 578437 prime?
False
Is 14461 a prime number?
True
Is 2453 prime?
False
Is 127321 composite?
False
Is 137829 a composite number?
True
Is 12781 composite?
False
Is 436681 composite?
True
Is 1361 a prime number?
True
Is 87931 a composite number?
False
Is 1141351 a composite number?
False
Is 56333 prime?
True
Is 17311 prime?
False
Is 14851 a prime number?
True
Is 54953 a composite number?
True
Is 30289 a composite number?
True
Is 16603 composite?
False
Is 21011 composite?
False
Is 347 composite?
False
Is 117263 a composite number?
True
Is 12731 a composite number?
True
Is 11821 a prime number?
True
Is 31091 composite?
False
Is 300073 a prime number?
True
Is 44879 a prime number?
True
Is 30269 a composite number?
False
Is 1167 a composite number?
True
Is 1219 a prime number?
False
Is 63374 composite?
True
Is 14293 composite?
False
Is 97301 a prime number?
True
Is 157291 prime?
True
Is 141 a prime number?
False
Is 371242 composite?
True
Is 3521 a composite number?
True
Is 22769 a composite number?
False
Is 304649 a composite number?
True
Is 9727 prime?
False
Is 1312761 a composite number?
True
Is 69807 a prime number?
False
Is 12569 a composite number?
False
Is 3863 a prime number?
True
Is 12889 a composite number?
False
Is 2333 prime?
True
Is 148397 prime?
False
Is 313829 composite?
False
Is 252363 a composite number?
True
Is 17467 composite?
False
Is 289343 prime?
True
Is 432101 composite?
True
Is 62851 prime?
True
Is 1177415 prime?
False
Is 61133 prime?
False
Is 15693 prime?
False
Is 51847 prime?
False
Is 1688987 a composite number?
False
Is 5609 a prime number?
False
Is 3761 a prime number?
True
Is 56141 a composite number?
True
Is 75827 prime?
False
Is 1561 a prime number?
False
Is 1753 a prime number?
True
Is 2069 a composite number?
False
Is 3709 prime?
True
Is 5219 prime?
False
Is 8579 a prime number?
False
Is 25989 a composite number?
True
Is 309193 prime?
True
Is 33577 composite?
False
Is 312118 prime?
False
Is 515278 prime?
False
Is 19661 a prime number?
True
Is 10391 a composite number?
False
Is 84011 a prime number?
True
Is 42157 composite?
False
Is 63374 a composite number?
True
Is 403 a composite number?
True
Is 553 a composite number?
True
Is 155317 a prime number?
True
Is 6791429 prime?
True
Is 761113 prime?
True
Is 134497 a prime number?
False
Is 26309 a composite number?
False
Is 181045 composite?
True
Is 279355 a prime number?
False
Is 195565 prime?
False
Is 1331207 composite?
False
Is 157969 a prime number?
False
Is 1151 composite?
False
Is 3937 a composite number?
True
Is 33421 prime?
False
Is 258374 prime?
False
Is 683 a prime number?
True
Is 257 composite?
False
Is 449 composite?
False
Is 679 a composite number?
True
Is 6761 prime?
True
Is 7629 a prime number?
False
Is 2179 prime?
True
Is 613059 a prime number?
False
Is 6639 a composite number?
True
Is 1061 a prime number?
True
Is 13217 a composite number?
False
Is 7159 prime?
True
Is 28133 composite?
True
Is 291 prime?
False
Is 20201 composite?
False
Is 56567 prime?
False
Is 13105 a prime number?
False
Is 7897 composite?
True
Is 734993 a prime number?
False
Is 12605 a prime number?
False
Is 13049 